Calculate the greatest common divisor of a and 8.
8
Let l = 8 + -6. Suppose -l*u + 92 = 2*u. Let f = 3578 + -3325. What is the greatest common divisor of u and f?
23
Let n(t) = -t**3 - 6*t**2 + 2*t - 13. Let q be n(-7). Suppose q + 50 = 8*g. Calculate the highest common factor of 9 and g.
9
Suppose 28 + 23 = 3*c. Let h be (417/(-556))/((-1)/808). Let y = -453 + h. What is the greatest common divisor of c and y?
17
Suppose -168 = -20*u + 272. Suppose -10*t - 2 + u = 0. What is the greatest common factor of 46 and t?
2
Suppose -y = -3*y - 10, 3*b = 2*y + 106. Suppose 0 = -5*x - 2*p + 13, x + 8*p - 10*p = -7. Calculate the greatest common factor of b and x.
1
Let y = -128 - -140. Calculate the greatest common divisor of y and 8112.
12
Suppose 0 = -8*s + 1121 - 57. Suppose -3*q = -4*d - s, 4*q = 5*q + 2*d - 31. What is the highest common divisor of q and 3?
3
Let r = -3438 - -5583. What is the greatest common divisor of r and 663?
39
Let n = -48 - -201. Let u = -211614 - -211641. What is the highest common factor of u and n?
9
Let j be ((-358892)/(-329))/((-5)/((-70)/4)). Calculate the highest common factor of 46 and j.
46
Let f(h) = -h**2 - 23*h + 43. Let s be f(-25). Let m be s/((-28)/2029) - (-1)/(-4). Calculate the greatest common factor of 39 and m.
39
Suppose 2*p - 4*d = 36, 2*d - 29 = -4*p + 33. Suppose p*w = 8019 + 4941. What is the highest common factor of w and 10?
10
Let p(c) = 5*c + 251. Let r be (-120)/3 + -3*6/(-9). Let a be p(r). What is the greatest common divisor of 549 and a?
61
Let j = -80 - -35. Let q be 8/60*-3*j. What is the greatest common factor of q and 48?
6
Let i = 265 + -113. Let c = i - 0. Let z be 6/(-3)*2014/(-212). Calculate the greatest common factor of c and z.
19
Let v(c) = -19*c - 1. Let j be v(-1). Suppose -5*r + 47 = -3*p, -5*p + 202 - 227 = -3*r. Calculate the highest common divisor of r and j.
2
Suppose -428 = -b - y - 1287, 5*b = -2*y - 4283. Let x = b - -879. What is the highest common factor of x and 516?
12
Let r(v) = -15092 + 15098 - 83*v + 197*v. Let q be r(2). Calculate the highest common divisor of 26 and q.
26
Let u(f) = -11*f + 10*f**3 - f**2 - 7 + 3*f - 22*f**3 + 11*f**3. Let i be u(-3). Calculate the greatest common divisor of i and 14.
7
Suppose 5*l - 97 = -3*j + 2*j, 0 = 3*l - 6. Let s be (-21)/(-63)*1*j. Calculate the highest common factor of s and 174.
29
Suppose -70*u + 3*g = -65*u - 26723, 2*g = -4*u + 21352. Calculate the greatest common factor of 218 and u.
109
Let q(a) = -847*a - 236. Let h be q(-2). Calculate the highest common divisor of h and 648.
162
Suppose 2*k - 3241 = -5*v - k, v - 662 = 4*k. Let t be 203/(-812) + ((-504)/(-64))/((-6)/(-20)). Calculate the highest common divisor of v and t.
26
Let d(q) = -8*q**3 - 3*q**2 + 6. Let z be d(-3). Calculate the highest common factor of z and 5.
5
Let f be (-315)/(-20) + (-3)/4. Suppose 3*s + 102 = 6*s. Suppose 11 = 3*l - s. What is the highest common factor of f and l?
15
Suppose -792 = 64*b - 68*b. What is the greatest common factor of b and 4653?
99
Let q be 250/(-15)*8469/(-11) + (-32)/(-176). What is the greatest common divisor of 2005 and q?
401
Suppose -91 = 247*k - 240*k. Let y be 4*((-9)/12)/3*k. Let d = 44 + 8. What is the highest common factor of y and d?
13
Let w(z) = z**3 + 23*z**2 - 24*z + 36. Let u be w(-24). What is the highest common divisor of 1818 and u?
18
Let b(j) = j + 9. Let v(r) = 8*r - 24. Let k be v(4). Suppose -5*g = -37 - k. Let q be b(g). Calculate the greatest common divisor of q and 126.
18
Let s = -22 + 21. Let c be s/((-1)/(-60)*-2). What is the greatest common divisor of c and 12?
6
Let l be -2*13/52*-126. What is the greatest common factor of l and 1251?
9
Suppose -r - 71 + 111 = 3*u, 55 = 2*u - 5*r. Calculate the highest common divisor of u and 105.
15
Let r = 21799 + -21742. Suppose 0*o + o = 114. What is the highest common divisor of r and o?
57
Let h = 605 - -739. Suppose 5*b - h = -3*b. What is the highest common factor of 28 and b?
28
Suppose 3*x = 49*t - 44*t - 13621, 5438 = 2*t + 4*x. What is the greatest common divisor of 14 and t?
7
Suppose -5*x - 20 = 4*m - 5*m, -x + 62 = 2*m. Suppose -r = -57 + m. Calculate the greatest common divisor of r and 153.
9
Suppose 43*h = 3*h + 1080. Calculate the greatest common factor of h and 1521.
9
Suppose 0 = -71*k - 45*k + 4060. Calculate the greatest common factor of k and 497.
7
Suppose 113*h = -37*h + 9750. Calculate the highest common divisor of h and 3523.
13
Suppose -2*x = -4*o + 3680, -906 = -o + 501*x - 504*x. Calculate the greatest common factor of o and 18.
18
Suppose 772 = 5*a + 4*h + 2956, 1340 = -3*a + 5*h. Let w = a - -768. Calculate the highest common factor of w and 82.
82
Suppose 5*p + 17*g - 264 = 19*g, -g = p - 57. Calculate the greatest common factor of p and 48.
6
Suppose x = -2*i + 6, 4 + 0 = 4*i. Suppose -3627*c + 544*c = -715607 - 1048297 + 74420. Calculate the greatest common factor of c and x.
4
Let j(b) = -776*b - 8522. Let f be j(-11). Calculate the greatest common divisor of f and 7574.
14
Suppose 79 = 4*z - 25. Let c(s) = 329*s - 6385. Let t be c(20). What is the highest common factor of t and z?
13
Suppose 14177008 = 259*j - 2444576. What is the greatest common factor of 56 and j?
56
Let n(v) = 3153*v - 163791. Let x be n(52). Let m = 44 + -14. What is the greatest common factor of m and x?
15
Let n be (95/10)/(3/6). Suppose -n*h = -441 - 357. What is the greatest common divisor of 12 and h?
6
Suppose 13*t - 3950 = -570. Calculate the greatest common factor of 160 and t.
20
Let z(y) = 48*y + 1124. Let j be z(-20). What is the highest common factor of j and 2993?
41
Let u(y) = -y**3 - 11*y**2 + 12*y + 21. Let g be u(-12). Suppose -3388 = -g*q + 266. What is the greatest common factor of q and 116?
58
Let o(k) = 3*k**2 + 9*k - 1214. Let p be o(-22). Let t = -247 + 1327. What is the highest common divisor of t and p?
40
Suppose -59*z + 111618 = 19*z. What is the greatest common divisor of 106 and z?
53
Suppose -6*l + 324 + 1032 = 0. Let z = l - 149. Calculate the highest common divisor of z and 11.
11
Suppose -163*l + 2390 = -10566 + 2850. What is the highest common factor of 1302 and l?
62
Suppose 160 + 612 = 2*z - 4*d, 1569 = 4*z - 3*d. Calculate the greatest common divisor of 36 and z.
36
Let a = 1 + 1. Suppose a*z - 621 - 699 = 0. Suppose g = -5*g + z. Calculate the greatest common divisor of g and 10.
10
Suppose 5*k = 3*n + 7832, 0 = 3*k - n + 1381 - 6085. What is the greatest common factor of k and 30?
10
Let t(y) = 34*y**3 - 12*y**2 + 30*y + 30. Let a be t(5). What is the greatest common factor of a and 70?
70
Let y be (12/(-10))/((-6)/50). Suppose 0*l = y*l - 200. What is the greatest common factor of 12 and l?
4
Let t be (-2 + 10/6)*(-17)/((-102)/(-72)). Suppose a + 0*d + d - 16 = 0, -3*d = -a. Calculate the greatest common divisor of a and t.
4
Let r(a) be the first derivative of -a**2 + 20*a + 1. Suppose 163 - 309 = -73*w. Let i be r(w). Calculate the highest common factor of 96 and i.
16
Let l = -5 - -7. Let j = -9 + 12. Let z = j - -15. Calculate the greatest common factor of z and l.
2
Let o = -12633 + 21611. Calculate the greatest common divisor of 134 and o.
134
Let w = -239 - -368. Suppose 0 = -5*f + w + 6. Let n be (-192423)/(-1428) + ((-10)/(-8) - 1). Calculate the greatest common divisor of f and n.
27
Let t be ((-265)/(-2))/((-67)/(-1742)). What is the highest common divisor of t and 65?
65
Let i = -10674 - -12370. Calculate the highest common divisor of i and 160.
32
Let l = -25132 - -26026. Calculate the greatest common divisor of 78 and l.
6
Let d = 15519 - 11315. Calculate the greatest common divisor of d and 8.
4
Suppose 2*v + 5*i - 574 = 0, 0 = 4*v - 2*i - 108 - 1088. What is the greatest common factor of v and 81?
27
Suppose -4*i - 1 = f - 39, 4*f - 5*i - 236 = 0. Let w be 4/(16/33 + (-26)/(-143)). What is the highest common divisor of f and w?
6
Suppose 261 = -5*q + 881. Let f = q + -100. What is the highest common divisor of f and 40?
8
Let x = 146 - -190. Let j be (41 - 21) + -11 + 7. What is the greatest common divisor of j and x?
16
Let c = 77 - 6. Suppose -3*f + c - 35 = 0. Calculate the highest common divisor of 3 and f.
3
Let z(f) = 3*f**2 - 19. Let c be z(6). Suppose c = 4*l + 1. Let y be 